{"id":10365,"date":"2023-10-30T15:12:15","date_gmt":"2023-10-30T15:12:15","guid":{"rendered":"https:\/\/bridge499.qodeinteractive.com\/?post_type=portfolio_page&#038;p=10365"},"modified":"2024-11-26T10:02:46","modified_gmt":"2024-11-26T10:02:46","slug":"sala-black","status":"publish","type":"portfolio_page","link":"https:\/\/greenpatio.es\/fr\/portfolio_page\/sala-black\/","title":{"rendered":"Sala Black"},"content":{"rendered":"<div data-elementor-type=\"wp-post\" data-elementor-id=\"10365\" class=\"elementor elementor-10365\" data-elementor-post-type=\"portfolio_page\">\n\t\t\t\t<div class=\"elementor-element elementor-element-d6aeccf e-flex e-con-boxed parallax_section_no qode_elementor_container_no e-con e-parent\" data-id=\"d6aeccf\" data-element_type=\"container\">\n\t\t\t\t\t<div class=\"e-con-inner\">\n\t\t\t\t<div class=\"elementor-element elementor-element-8303b93 elementor-widget elementor-widget-heading\" data-id=\"8303b93\" data-element_type=\"widget\" data-widget_type=\"heading.default\">\n\t\t\t\t<div class=\"elementor-widget-container\">\n\t\t\t\t\t<h1 class=\"elementor-heading-title elementor-size-default\">Maison de Jade<\/h1>\t\t\t\t<\/div>\n\t\t\t\t<\/div>\n\t\t\t\t<div class=\"elementor-element elementor-element-fa8c1d5 elementor-widget elementor-widget-text-editor\" data-id=\"fa8c1d5\" data-element_type=\"widget\" data-widget_type=\"text-editor.default\">\n\t\t\t\t<div class=\"elementor-widget-container\">\n\t\t\t\t\t\t\t\t\t<p>Pellen tesque ornare sem lacinia quam venenatis vestib tive ulum. Maec enas sed dia eget risus varius blandit ult amid dolor sit amet non magn. Cras mat tis cons ect etu purust si amet fer me ntum. Lorem Ipsm proin gravi nibh vel idte nibeul tricies velit auctor aliquet. Aenean soll itudinu, lo ret em qui sbib end um auctor, nisi elit conse quat ipsum, neciv sagittis vehicula ut id elitve. Le syst\u00e8me d'information de l'Union europ\u00e9enne (UE) a \u00e9t\u00e9 mis en place afin d'aider les \u00c9tats membres \u00e0 mettre en place un syst\u00e8me d'information de l'Union europ\u00e9enne (UE). Maecenas sed diam eget risus var.<\/p>\t\t\t\t\t\t\t\t<\/div>\n\t\t\t\t<\/div>\n\t\t\t\t<div class=\"elementor-element elementor-element-356f589 elementor-widget elementor-widget-text-editor\" data-id=\"356f589\" data-element_type=\"widget\" data-widget_type=\"text-editor.default\">\n\t\t\t\t<div class=\"elementor-widget-container\">\n\t\t\t\t\t\t\t\t\t<p>Lorem Ipsum proin gravi nibh vel id nibh ultricies velit auct or aliquet. Aene an sol lici tudin, lorem quis bibendum aucto nisi elit cons equat ipsum, nec sagittis vehi culaet ute id elit eciv sagittis vehicula elitve.<\/p>\t\t\t\t\t\t\t\t<\/div>\n\t\t\t\t<\/div>\n\t\t\t\t\t<\/div>\n\t\t\t\t<\/div>\n\t\t\t\t<\/div>","protected":false},"excerpt":{"rendered":"<p>Jade house Pellen tesque ornare&#8230;<\/p>","protected":false},"author":1,"featured_media":146910,"menu_order":0,"comment_status":"open","ping_status":"closed","template":"","portfolio_category":[109],"portfolio_tag":[98,99],"class_list":["post-10365","portfolio_page","type-portfolio_page","status-publish","has-post-thumbnail","hentry","portfolio_category-covarrubias-the-one","portfolio_tag-conceptual","portfolio_tag-exibition"],"yoast_head":"<!-- This site is optimized with the Yoast SEO plugin v24.0 - https:\/\/yoast.com\/wordpress\/plugins\/seo\/ -->\n<title>Sala Black - Green Patio<\/title>\n<meta name=\"robots\" content=\"index, follow, max-snippet:-1, max-image-preview:large, max-video-preview:-1\" \/>\n<link rel=\"canonical\" href=\"https:\/\/greenpatio.es\/fr\/portfolio_page\/sala-black\/\" \/>\n<meta property=\"og:locale\" content=\"fr_FR\" \/>\n<meta property=\"og:type\" content=\"article\" \/>\n<meta property=\"og:title\" content=\"Sala Black - Green Patio\" \/>\n<meta property=\"og:description\" content=\"Jade house Pellen tesque ornare...\" \/>\n<meta property=\"og:url\" content=\"https:\/\/greenpatio.es\/fr\/portfolio_page\/sala-black\/\" \/>\n<meta property=\"og:site_name\" content=\"Green Patio\" \/>\n<meta property=\"article:modified_time\" content=\"2024-11-26T10:02:46+00:00\" \/>\n<meta property=\"og:image\" content=\"https:\/\/greenpatio.es\/wp-content\/uploads\/2024\/11\/6-3.jpg\" \/>\n\t<meta property=\"og:image:width\" content=\"1920\" \/>\n\t<meta property=\"og:image:height\" content=\"1080\" \/>\n\t<meta property=\"og:image:type\" content=\"image\/jpeg\" \/>\n<meta name=\"twitter:card\" content=\"summary_large_image\" \/>\n<meta name=\"twitter:label1\" content=\"Dur\u00e9e de lecture estim\u00e9e\" \/>\n\t<meta name=\"twitter:data1\" content=\"1 minute\" \/>\n<script type=\"application\/ld+json\" class=\"yoast-schema-graph\">{\"@context\":\"https:\/\/schema.org\",\"@graph\":[{\"@type\":\"WebPage\",\"@id\":\"https:\/\/greenpatio.es\/portfolio_page\/sala-black\/\",\"url\":\"https:\/\/greenpatio.es\/portfolio_page\/sala-black\/\",\"name\":\"Sala Black - Green Patio\",\"isPartOf\":{\"@id\":\"https:\/\/greenpatio.es\/#website\"},\"primaryImageOfPage\":{\"@id\":\"https:\/\/greenpatio.es\/portfolio_page\/sala-black\/#primaryimage\"},\"image\":{\"@id\":\"https:\/\/greenpatio.es\/portfolio_page\/sala-black\/#primaryimage\"},\"thumbnailUrl\":\"https:\/\/greenpatio.es\/wp-content\/uploads\/2024\/11\/6-3.jpg\",\"datePublished\":\"2023-10-30T15:12:15+00:00\",\"dateModified\":\"2024-11-26T10:02:46+00:00\",\"breadcrumb\":{\"@id\":\"https:\/\/greenpatio.es\/portfolio_page\/sala-black\/#breadcrumb\"},\"inLanguage\":\"fr-FR\",\"potentialAction\":[{\"@type\":\"ReadAction\",\"target\":[\"https:\/\/greenpatio.es\/portfolio_page\/sala-black\/\"]}]},{\"@type\":\"ImageObject\",\"inLanguage\":\"fr-FR\",\"@id\":\"https:\/\/greenpatio.es\/portfolio_page\/sala-black\/#primaryimage\",\"url\":\"https:\/\/greenpatio.es\/wp-content\/uploads\/2024\/11\/6-3.jpg\",\"contentUrl\":\"https:\/\/greenpatio.es\/wp-content\/uploads\/2024\/11\/6-3.jpg\",\"width\":1920,\"height\":1080},{\"@type\":\"BreadcrumbList\",\"@id\":\"https:\/\/greenpatio.es\/portfolio_page\/sala-black\/#breadcrumb\",\"itemListElement\":[{\"@type\":\"ListItem\",\"position\":1,\"name\":\"Inicio\",\"item\":\"https:\/\/greenpatio.es\/\"},{\"@type\":\"ListItem\",\"position\":2,\"name\":\"Portfolio\",\"item\":\"https:\/\/greenpatio.es\/portfolio_page\/\"},{\"@type\":\"ListItem\",\"position\":3,\"name\":\"Sala Black\"}]},{\"@type\":\"WebSite\",\"@id\":\"https:\/\/greenpatio.es\/#website\",\"url\":\"https:\/\/greenpatio.es\/\",\"name\":\"Green Patio\",\"description\":\"Espacios para eventos en Madrid\",\"publisher\":{\"@id\":\"https:\/\/greenpatio.es\/#organization\"},\"alternateName\":\"Green Patio - Espacios para eventos en Madrid\",\"potentialAction\":[{\"@type\":\"SearchAction\",\"target\":{\"@type\":\"EntryPoint\",\"urlTemplate\":\"https:\/\/greenpatio.es\/?s={search_term_string}\"},\"query-input\":{\"@type\":\"PropertyValueSpecification\",\"valueRequired\":true,\"valueName\":\"search_term_string\"}}],\"inLanguage\":\"fr-FR\"},{\"@type\":\"Organization\",\"@id\":\"https:\/\/greenpatio.es\/#organization\",\"name\":\"Green Patio\",\"alternateName\":\"Green Patio Espacio para eventos en Madrid\",\"url\":\"https:\/\/greenpatio.es\/\",\"logo\":{\"@type\":\"ImageObject\",\"inLanguage\":\"fr-FR\",\"@id\":\"https:\/\/greenpatio.es\/#\/schema\/logo\/image\/\",\"url\":\"https:\/\/greenpatio.es\/wp-content\/uploads\/2024\/12\/logo-reducido-green-patio.png\",\"contentUrl\":\"https:\/\/greenpatio.es\/wp-content\/uploads\/2024\/12\/logo-reducido-green-patio.png\",\"width\":1465,\"height\":1465,\"caption\":\"Green Patio\"},\"image\":{\"@id\":\"https:\/\/greenpatio.es\/#\/schema\/logo\/image\/\"},\"sameAs\":[\"https:\/\/www.instagram.com\/greenpatioevents\/\"]}]}<\/script>\n<!-- \/ Yoast SEO plugin. -->","yoast_head_json":{"title":"Sala Black - Green Patio","robots":{"index":"index","follow":"follow","max-snippet":"max-snippet:-1","max-image-preview":"max-image-preview:large","max-video-preview":"max-video-preview:-1"},"canonical":"https:\/\/greenpatio.es\/fr\/portfolio_page\/sala-black\/","og_locale":"fr_FR","og_type":"article","og_title":"Sala Black - Green Patio","og_description":"Jade house Pellen tesque ornare...","og_url":"https:\/\/greenpatio.es\/fr\/portfolio_page\/sala-black\/","og_site_name":"Green Patio","article_modified_time":"2024-11-26T10:02:46+00:00","og_image":[{"width":1920,"height":1080,"url":"https:\/\/greenpatio.es\/wp-content\/uploads\/2024\/11\/6-3.jpg","type":"image\/jpeg"}],"twitter_card":"summary_large_image","twitter_misc":{"Dur\u00e9e de lecture estim\u00e9e":"1 minute"},"schema":{"@context":"https:\/\/schema.org","@graph":[{"@type":"WebPage","@id":"https:\/\/greenpatio.es\/portfolio_page\/sala-black\/","url":"https:\/\/greenpatio.es\/portfolio_page\/sala-black\/","name":"Sala Black - Green Patio","isPartOf":{"@id":"https:\/\/greenpatio.es\/#website"},"primaryImageOfPage":{"@id":"https:\/\/greenpatio.es\/portfolio_page\/sala-black\/#primaryimage"},"image":{"@id":"https:\/\/greenpatio.es\/portfolio_page\/sala-black\/#primaryimage"},"thumbnailUrl":"https:\/\/greenpatio.es\/wp-content\/uploads\/2024\/11\/6-3.jpg","datePublished":"2023-10-30T15:12:15+00:00","dateModified":"2024-11-26T10:02:46+00:00","breadcrumb":{"@id":"https:\/\/greenpatio.es\/portfolio_page\/sala-black\/#breadcrumb"},"inLanguage":"fr-FR","potentialAction":[{"@type":"ReadAction","target":["https:\/\/greenpatio.es\/portfolio_page\/sala-black\/"]}]},{"@type":"ImageObject","inLanguage":"fr-FR","@id":"https:\/\/greenpatio.es\/portfolio_page\/sala-black\/#primaryimage","url":"https:\/\/greenpatio.es\/wp-content\/uploads\/2024\/11\/6-3.jpg","contentUrl":"https:\/\/greenpatio.es\/wp-content\/uploads\/2024\/11\/6-3.jpg","width":1920,"height":1080},{"@type":"BreadcrumbList","@id":"https:\/\/greenpatio.es\/portfolio_page\/sala-black\/#breadcrumb","itemListElement":[{"@type":"ListItem","position":1,"name":"Inicio","item":"https:\/\/greenpatio.es\/"},{"@type":"ListItem","position":2,"name":"Portfolio","item":"https:\/\/greenpatio.es\/portfolio_page\/"},{"@type":"ListItem","position":3,"name":"Sala Black"}]},{"@type":"WebSite","@id":"https:\/\/greenpatio.es\/#website","url":"https:\/\/greenpatio.es\/","name":"Green Patio","description":"Espacios para eventos en Madrid","publisher":{"@id":"https:\/\/greenpatio.es\/#organization"},"alternateName":"Green Patio - Espacios para eventos en Madrid","potentialAction":[{"@type":"SearchAction","target":{"@type":"EntryPoint","urlTemplate":"https:\/\/greenpatio.es\/?s={search_term_string}"},"query-input":{"@type":"PropertyValueSpecification","valueRequired":true,"valueName":"search_term_string"}}],"inLanguage":"fr-FR"},{"@type":"Organization","@id":"https:\/\/greenpatio.es\/#organization","name":"Green Patio","alternateName":"Green Patio Espacio para eventos en Madrid","url":"https:\/\/greenpatio.es\/","logo":{"@type":"ImageObject","inLanguage":"fr-FR","@id":"https:\/\/greenpatio.es\/#\/schema\/logo\/image\/","url":"https:\/\/greenpatio.es\/wp-content\/uploads\/2024\/12\/logo-reducido-green-patio.png","contentUrl":"https:\/\/greenpatio.es\/wp-content\/uploads\/2024\/12\/logo-reducido-green-patio.png","width":1465,"height":1465,"caption":"Green Patio"},"image":{"@id":"https:\/\/greenpatio.es\/#\/schema\/logo\/image\/"},"sameAs":["https:\/\/www.instagram.com\/greenpatioevents\/"]}]}},"_links":{"self":[{"href":"https:\/\/greenpatio.es\/fr\/wp-json\/wp\/v2\/portfolio_page\/10365","targetHints":{"allow":["GET"]}}],"collection":[{"href":"https:\/\/greenpatio.es\/fr\/wp-json\/wp\/v2\/portfolio_page"}],"about":[{"href":"https:\/\/greenpatio.es\/fr\/wp-json\/wp\/v2\/types\/portfolio_page"}],"author":[{"embeddable":true,"href":"https:\/\/greenpatio.es\/fr\/wp-json\/wp\/v2\/users\/1"}],"replies":[{"embeddable":true,"href":"https:\/\/greenpatio.es\/fr\/wp-json\/wp\/v2\/comments?post=10365"}],"wp:featuredmedia":[{"embeddable":true,"href":"https:\/\/greenpatio.es\/fr\/wp-json\/wp\/v2\/media\/146910"}],"wp:attachment":[{"href":"https:\/\/greenpatio.es\/fr\/wp-json\/wp\/v2\/media?parent=10365"}],"wp:term":[{"taxonomy":"portfolio_category","embeddable":true,"href":"https:\/\/greenpatio.es\/fr\/wp-json\/wp\/v2\/portfolio_category?post=10365"},{"taxonomy":"portfolio_tag","embeddable":true,"href":"https:\/\/greenpatio.es\/fr\/wp-json\/wp\/v2\/portfolio_tag?post=10365"}],"curies":[{"name":"wp","href":"https:\/\/api.w.org\/{rel}","templated":true}]}}

<div data-elementor-type="wp-post" data-elementor-id="10365" class="elementor elementor-10365" data-elementor-post-type="portfolio_page">
				<div class="elementor-element elementor-element-d6aeccf e-flex e-con-boxed parallax_section_no qode_elementor_container_no e-con e-parent" data-id="d6aeccf" data-element_type="container">
					<div class="e-con-inner">
				<div class="elementor-element elementor-element-8303b93 elementor-widget elementor-widget-heading" data-id="8303b93" data-element_type="widget" data-widget_type="heading.default">
				<div class="elementor-widget-container">
					<h1 class="elementor-heading-title elementor-size-default">Maison de Jade</h1>				</div>
				</div>
				<div class="elementor-element elementor-element-fa8c1d5 elementor-widget elementor-widget-text-editor" data-id="fa8c1d5" data-element_type="widget" data-widget_type="text-editor.default">
				<div class="elementor-widget-container">
									<p>Pellen tesque ornare sem lacinia quam venenatis vestib tive ulum. Maec enas sed dia eget risus varius blandit ult amid dolor sit amet non magn. Cras mat tis cons ect etu purust si amet fer me ntum. Lorem Ipsm proin gravi nibh vel idte nibeul tricies velit auctor aliquet. Aenean soll itudinu, lo ret em qui sbib end um auctor, nisi elit conse quat ipsum, neciv sagittis vehicula ut id elitve. Le système d'information de l'Union européenne (UE) a été mis en place afin d'aider les États membres à mettre en place un système d'information de l'Union européenne (UE). Maecenas sed diam eget risus var.</p>								</div>
				</div>
				<div class="elementor-element elementor-element-356f589 elementor-widget elementor-widget-text-editor" data-id="356f589" data-element_type="widget" data-widget_type="text-editor.default">
				<div class="elementor-widget-container">
									<p>Lorem Ipsum proin gravi nibh vel id nibh ultricies velit auct or aliquet. Aene an sol lici tudin, lorem quis bibendum aucto nisi elit cons equat ipsum, nec sagittis vehi culaet ute id elit eciv sagittis vehicula elitve.</p>								</div>
				</div>
					</div>
				</div>
				</div>

<!-- This site is optimized with the Yoast SEO plugin v24.0 - https://yoast.com/wordpress/plugins/seo/ -->
<title>Sala Black - Green Patio</title>
<meta name="robots" content="index, follow, max-snippet:-1, max-image-preview:large, max-video-preview:-1" />
<link rel="canonical" href="https://greenpatio.es/fr/portfolio_page/sala-black/" />
<meta property="og:locale" content="fr_FR" />
<meta property="og:type" content="article" />
<meta property="og:title" content="Sala Black - Green Patio" />
<meta property="og:description" content="Jade house Pellen tesque ornare..." />
<meta property="og:url" content="https://greenpatio.es/fr/portfolio_page/sala-black/" />
<meta property="og:site_name" content="Green Patio" />
<meta property="article:modified_time" content="2024-11-26T10:02:46+00:00" />
<meta property="og:image" content="https://greenpatio.es/wp-content/uploads/2024/11/6-3.jpg" />
	<meta property="og:image:width" content="1920" />
	<meta property="og:image:height" content="1080" />
	<meta property="og:image:type" content="image/jpeg" />
<meta name="twitter:card" content="summary_large_image" />
<meta name="twitter:label1" content="Durée de lecture estimée" />
	<meta name="twitter:data1" content="1 minute" />
<script type="application/ld+json" class="yoast-schema-graph">{"@context":"https://schema.org","@graph":[{"@type":"WebPage","@id":"https://greenpatio.es/portfolio_page/sala-black/","url":"https://greenpatio.es/portfolio_page/sala-black/","name":"Sala Black - Green Patio","isPartOf":{"@id":"https://greenpatio.es/#website"},"primaryImageOfPage":{"@id":"https://greenpatio.es/portfolio_page/sala-black/#primaryimage"},"image":{"@id":"https://greenpatio.es/portfolio_page/sala-black/#primaryimage"},"thumbnailUrl":"https://greenpatio.es/wp-content/uploads/2024/11/6-3.jpg","datePublished":"2023-10-30T15:12:15+00:00","dateModified":"2024-11-26T10:02:46+00:00","breadcrumb":{"@id":"https://greenpatio.es/portfolio_page/sala-black/#breadcrumb"},"inLanguage":"fr-FR","potentialAction":[{"@type":"ReadAction","target":["https://greenpatio.es/portfolio_page/sala-black/"]}]},{"@type":"ImageObject","inLanguage":"fr-FR","@id":"https://greenpatio.es/portfolio_page/sala-black/#primaryimage","url":"https://greenpatio.es/wp-content/uploads/2024/11/6-3.jpg","contentUrl":"https://greenpatio.es/wp-content/uploads/2024/11/6-3.jpg","width":1920,"height":1080},{"@type":"BreadcrumbList","@id":"https://greenpatio.es/portfolio_page/sala-black/#breadcrumb","itemListElement":[{"@type":"ListItem","position":1,"name":"Inicio","item":"https://greenpatio.es/"},{"@type":"ListItem","position":2,"name":"Portfolio","item":"https://greenpatio.es/portfolio_page/"},{"@type":"ListItem","position":3,"name":"Sala Black"}]},{"@type":"WebSite","@id":"https://greenpatio.es/#website","url":"https://greenpatio.es/","name":"Green Patio","description":"Espacios para eventos en Madrid","publisher":{"@id":"https://greenpatio.es/#organization"},"alternateName":"Green Patio - Espacios para eventos en Madrid","potentialAction":[{"@type":"SearchAction","target":{"@type":"EntryPoint","urlTemplate":"https://greenpatio.es/?s={search_term_string}"},"query-input":{"@type":"PropertyValueSpecification","valueRequired":true,"valueName":"search_term_string"}}],"inLanguage":"fr-FR"},{"@type":"Organization","@id":"https://greenpatio.es/#organization","name":"Green Patio","alternateName":"Green Patio Espacio para eventos en Madrid","url":"https://greenpatio.es/","logo":{"@type":"ImageObject","inLanguage":"fr-FR","@id":"https://greenpatio.es/#/schema/logo/image/","url":"https://greenpatio.es/wp-content/uploads/2024/12/logo-reducido-green-patio.png","contentUrl":"https://greenpatio.es/wp-content/uploads/2024/12/logo-reducido-green-patio.png","width":1465,"height":1465,"caption":"Green Patio"},"image":{"@id":"https://greenpatio.es/#/schema/logo/image/"},"sameAs":["https://www.instagram.com/greenpatioevents/"]}]}</script>
<!-- / Yoast SEO plugin. -->
